{"id":10097,"date":"2013-12-18T20:14:46","date_gmt":"2013-12-18T20:14:46","guid":{"rendered":"https:\/\/brava.etc.br\/loja\/?post_type=product&#038;p=10097"},"modified":"2025-06-20T15:44:41","modified_gmt":"2025-06-20T15:44:41","slug":"holocausto-negatives-blocked-minds","status":"publish","type":"product","link":"https:\/\/brava.etc.br\/loja\/produto\/holocausto-negatives-blocked-minds\/","title":{"rendered":"Holocausto &#8216;Negatives\/Blocked Minds&#8217;"},"content":{"rendered":"<p>Negatives \u00e9 o terceiro \u00e1lbum da banda de metal de Belo Horizonte Holocausto, lan\u00e7ado em 1991.<br \/>\nBlocked Minds \u00e9 segundo \u00e1lbum, lan\u00e7ado em 1988.<\/p>\n<p>Esta edi\u00e7\u00e3o \u00e9 de 2019, com faixas b\u00f4nus e um DVD com apresenta\u00e7\u00f5es ao vivo.<\/p>\n","protected":false},"excerpt":{"rendered":"<div>\u2022 Faixas:<\/div>\n<div><\/div>\n<div>1 P.M.D (psycho-manic-depressive)<\/div>\n<div>2 Congratulations Mr. Money<\/div>\n<div>3 Contrasts<\/div>\n<div>4 Platzs Pitz<\/div>\n<div>5 Falling Into The Void<\/div>\n<div>6 Disapponting The Ridiculous Analysis<\/div>\n<div>7 Choked Expressions<\/div>\n<div>8 Seconds<\/div>\n<div>9 Opened Eyes To The Nothing<\/div>\n<div>10 Australopithecus Technologicus<\/div>\n<div>11 Muted By Fear<\/div>\n<div>12 Action Levels<\/div>\n<div>13 Negatives<\/div>\n<div>14 P.M.D.(psycho-manic-depressive)<\/div>\n<div>15 Australopithecus Technologicus<\/div>\n<div>16 KKK<\/div>\n<div>17 Injectable World<\/div>\n<div>18 Eithteen Years OLD<\/div>\n<div>19 Hunger<\/div>\n<div>20 Funny Face<\/div>\n<div>21 Lies<\/div>\n<div>22 Tribute To Cicciolina<\/div>\n<div>23 Who Am I?<\/div>\n<div>24 Sleep\u2026 Have A Sweet Dream?<\/div>\n<div><\/div>\n<div>\u2022 Cogumelo Records \/ Voice Music \/ Marquee Records<span class=\"bcTruncateMore\"> | 2019<\/span><\/div>\n<div><\/div>\n<div>\u2022 Formato: CD e DVD, digipack<\/div>\n","protected":false},"featured_media":10098,"template":"","meta":[],"product_brand":[],"product_cat":[527,1044,1039],"product_tag":[1032,658,1035,1033,1031],"class_list":{"0":"post-10097","1":"product","2":"type-product","3":"status-publish","4":"has-post-thumbnail","6":"product_cat-cd","7":"product_cat-cogumelo-records","8":"product_cat-holocausto","9":"product_tag-belo-horizonte","10":"product_tag-metal","11":"product_tag-rogomaga","12":"product_tag-trash-metal","13":"product_tag-war-metal","15":"first","16":"instock","17":"shipping-taxable","18":"purchasable","19":"product-type-simple"},"_links":{"self":[{"href":"https:\/\/brava.etc.br\/loja\/wp-json\/wp\/v2\/product\/10097","targetHints":{"allow":["GET"]}}],"collection":[{"href":"https:\/\/brava.etc.br\/loja\/wp-json\/wp\/v2\/product"}],"about":[{"href":"https:\/\/brava.etc.br\/loja\/wp-json\/wp\/v2\/types\/product"}],"wp:featuredmedia":[{"embeddable":true,"href":"https:\/\/brava.etc.br\/loja\/wp-json\/wp\/v2\/media\/10098"}],"wp:attachment":[{"href":"https:\/\/brava.etc.br\/loja\/wp-json\/wp\/v2\/media?parent=10097"}],"wp:term":[{"taxonomy":"product_brand","embeddable":true,"href":"https:\/\/brava.etc.br\/loja\/wp-json\/wp\/v2\/product_brand?post=10097"},{"taxonomy":"product_cat","embeddable":true,"href":"https:\/\/brava.etc.br\/loja\/wp-json\/wp\/v2\/product_cat?post=10097"},{"taxonomy":"product_tag","embeddable":true,"href":"https:\/\/brava.etc.br\/loja\/wp-json\/wp\/v2\/product_tag?post=10097"}],"curies":[{"name":"wp","href":"https:\/\/api.w.org\/{rel}","templated":true}]}}