{"id":10157,"date":"2025-10-03T13:31:07","date_gmt":"2025-10-03T13:31:07","guid":{"rendered":"https:\/\/brava.etc.br\/loja\/?post_type=product&#038;p=10157"},"modified":"2025-10-14T23:47:01","modified_gmt":"2025-10-14T23:47:01","slug":"11-10-25-uira-dos-reis-apresenta-dtn1-na-casa-elefante-sp","status":"publish","type":"product","link":"https:\/\/brava.etc.br\/loja\/produto\/11-10-25-uira-dos-reis-apresenta-dtn1-na-casa-elefante-sp\/","title":{"rendered":"[11.10.25] Uir\u00e1 dos Reis apresenta DTN#1 na Casa Elefante \/SP"},"content":{"rendered":"","protected":false},"excerpt":{"rendered":"<p><!-- wp:paragraph --><\/p>\n<p><strong>Uma performance audiovisual de improvisa\u00e7\u00e3o em m\u00fasica eletr\u00f4nica, usando hardware como samplers, groovebox e sintetizador para criar uma paisagem t\u00e3o experimental quanto dan\u00e7ante. De forma livre, Uir\u00e1 dos Reis busca aliar estilos e ritmos distintos, como techno, IDM e funk-br, com percuss\u00f5es brasileiras e sintetizadores estelares.<\/strong><\/p>\n<p>&nbsp;<\/p>\n<p><strong>*11 de Outubro, s\u00e1bado<\/strong><br \/>\n<strong>20h \u00e0s 22h30 loja \/ bar<\/strong><br \/>\n<strong>21h apresenta\u00e7\u00e3o<\/strong><\/p>\n<p>&nbsp;<\/p>\n<p><strong>Casa Elefante\u00a0<\/strong>\u2013 Rua Conselheiro Brotero 379, Barra Funda \/SP<br \/>\n(8 min. a p\u00e9 da esta\u00e7\u00e3o de metr\u00f4 Marechal Deodoro)<br \/>\n\u21e2\u00a0<a href=\"https:\/\/maps.app.goo.gl\/oT6jFUydxvmEdLUn6\" target=\"_blank\" rel=\"noreferrer noopener\" data-type=\"link\" data-id=\"https:\/\/maps.app.goo.gl\/oT6jFUydxvmEdLUn6\">localizar no mapa<\/a><\/p>\n<p>+informa\u00e7\u00f5es:<a href=\"http:\/\/brava.etc.br\/uira-dos-reis-na-casa-elefante-sp\" target=\"_blank\" rel=\"noopener\"> https:\/\/brava.etc.br\/uira-dos-reis-na-casa-elefante-sp<\/a><\/p>\n","protected":false},"featured_media":10165,"template":"","meta":[],"product_brand":[],"product_cat":[951,1047],"product_tag":[1046,1018,1045],"class_list":{"0":"post-10157","1":"product","2":"type-product","3":"status-publish","4":"has-post-thumbnail","6":"product_cat-ingresso","7":"product_cat-uira-dos-reis","8":"product_tag-audiovisual","9":"product_tag-ingresso","10":"product_tag-uira-dos-reis","12":"first","13":"outofstock","14":"virtual","15":"product-type-simple"},"_links":{"self":[{"href":"https:\/\/brava.etc.br\/loja\/wp-json\/wp\/v2\/product\/10157","targetHints":{"allow":["GET"]}}],"collection":[{"href":"https:\/\/brava.etc.br\/loja\/wp-json\/wp\/v2\/product"}],"about":[{"href":"https:\/\/brava.etc.br\/loja\/wp-json\/wp\/v2\/types\/product"}],"wp:featuredmedia":[{"embeddable":true,"href":"https:\/\/brava.etc.br\/loja\/wp-json\/wp\/v2\/media\/10165"}],"wp:attachment":[{"href":"https:\/\/brava.etc.br\/loja\/wp-json\/wp\/v2\/media?parent=10157"}],"wp:term":[{"taxonomy":"product_brand","embeddable":true,"href":"https:\/\/brava.etc.br\/loja\/wp-json\/wp\/v2\/product_brand?post=10157"},{"taxonomy":"product_cat","embeddable":true,"href":"https:\/\/brava.etc.br\/loja\/wp-json\/wp\/v2\/product_cat?post=10157"},{"taxonomy":"product_tag","embeddable":true,"href":"https:\/\/brava.etc.br\/loja\/wp-json\/wp\/v2\/product_tag?post=10157"}],"curies":[{"name":"wp","href":"https:\/\/api.w.org\/{rel}","templated":true}]}}