{"id":1904,"date":"2020-02-05T13:17:16","date_gmt":"2020-02-05T13:17:16","guid":{"rendered":"http:\/\/www.brava.etc.br\/loja\/?p=1904"},"modified":"2024-03-22T23:04:21","modified_gmt":"2024-03-22T23:04:21","slug":"thomas-rohrer-e-philip-somervell-rohrer-somervell","status":"publish","type":"product","link":"https:\/\/brava.etc.br\/loja\/produto\/thomas-rohrer-e-philip-somervell-rohrer-somervell\/","title":{"rendered":"\u00a0Thomas Rohrer e Philip Somervell &#8220;rohrer \/ somervell&#8221; (k7)"},"content":{"rendered":"<p>\u2022 Faixas:<br \/>\n1. 07&#8217;28&#8221;<br \/>\n2. 51&#8217;20&#8221;<br \/>\n3. 10&#8217;35&#8221;<\/p>\n<p>\u2022 Brava Edi\u00e7\u00f5es \/ Submarine Records | 2016<\/p>\n<p><strong>Thomas Rohrer<\/strong>: rabeca, eletr\u00f4nicos, objetos amplificados<br \/>\n<strong>Philip Somervell<\/strong>: piano preparado, objetos<\/p>\n<p>\u2022 Formato: Fita cassete. Tiragem de 100 c\u00f3pias com download gratuito do \u00e1lbum completo inclu\u00eddo.<\/p>\n<p>Masteriza\u00e7\u00e3o por Sebastian Lexer.<br \/>\nArte por Bella.<\/p>\n<p><iframe style=\"border: 0; width: 100%; height: 42px;\" src=\"https:\/\/bandcamp.com\/EmbeddedPlayer\/album=2912100235\/size=small\/bgcol=ffffff\/linkcol=de270f\/transparent=true\/\" seamless=\"\"><\/iframe><\/p>\n","protected":false},"excerpt":{"rendered":"<p>\u2022 Faixas: 1. 07&#8217;28&#8221; 2. 51&#8217;20&#8221; 3. 10&#8217;35&#8221; \u2022 Brava Edi\u00e7\u00f5es \/ Submarine Records | 2016 Thomas Rohrer: rabeca, eletr\u00f4nicos,&#8230;<\/p>\n","protected":false},"featured_media":2131,"template":"","meta":[],"product_brand":[],"product_cat":[524,531,550,536],"product_tag":[554,630,552,572,646,553,551,555],"class_list":{"0":"post-1904","1":"product","2":"type-product","3":"status-publish","4":"has-post-thumbnail","6":"product_cat-brava-edicoes","7":"product_cat-cassete","8":"product_cat-submarine-recs","9":"product_cat-thomas-rohrer-e-philip-somervell","10":"product_tag-chile","11":"product_tag-improvisacao","12":"product_tag-philip-somervell","13":"product_tag-piano","14":"product_tag-rabeca","15":"product_tag-suica","16":"product_tag-thomas-rohrer","17":"product_tag-uk","19":"first","20":"outofstock","21":"shipping-taxable","22":"purchasable","23":"product-type-simple"},"_links":{"self":[{"href":"https:\/\/brava.etc.br\/loja\/wp-json\/wp\/v2\/product\/1904","targetHints":{"allow":["GET"]}}],"collection":[{"href":"https:\/\/brava.etc.br\/loja\/wp-json\/wp\/v2\/product"}],"about":[{"href":"https:\/\/brava.etc.br\/loja\/wp-json\/wp\/v2\/types\/product"}],"wp:featuredmedia":[{"embeddable":true,"href":"https:\/\/brava.etc.br\/loja\/wp-json\/wp\/v2\/media\/2131"}],"wp:attachment":[{"href":"https:\/\/brava.etc.br\/loja\/wp-json\/wp\/v2\/media?parent=1904"}],"wp:term":[{"taxonomy":"product_brand","embeddable":true,"href":"https:\/\/brava.etc.br\/loja\/wp-json\/wp\/v2\/product_brand?post=1904"},{"taxonomy":"product_cat","embeddable":true,"href":"https:\/\/brava.etc.br\/loja\/wp-json\/wp\/v2\/product_cat?post=1904"},{"taxonomy":"product_tag","embeddable":true,"href":"https:\/\/brava.etc.br\/loja\/wp-json\/wp\/v2\/product_tag?post=1904"}],"curies":[{"name":"wp","href":"https:\/\/api.w.org\/{rel}","templated":true}]}}