{"id":2531,"date":"2020-12-17T12:50:20","date_gmt":"2020-12-17T12:50:20","guid":{"rendered":"http:\/\/www.brava.etc.br\/loja\/?post_type=product&#038;p=2531"},"modified":"2024-03-22T20:27:37","modified_gmt":"2024-03-22T20:27:37","slug":"radio-diaspora-ba-kimbuta-s-t-cd","status":"publish","type":"product","link":"https:\/\/brava.etc.br\/loja\/produto\/radio-diaspora-ba-kimbuta-s-t-cd\/","title":{"rendered":"Radio Diaspora &#038; B\u00e1 Kimbuta &#8220;s\/t&#8221; (CD)"},"content":{"rendered":"<p>\u2022 Faixas:<br \/>\n1. Black Angel<br \/>\n2. A Prova de Balas<br \/>\n3. Ao Comando de Ians\u00e3<br \/>\n4. People<\/p>\n<p>\u2022 S\u00ea-lo | 2018<\/p>\n<p>\u2022 Formato: CD, envelope<\/p>\n<p>Wagner Ramos \u2013 Bateria e eletr\u00f4nicos<br \/>\nRomulo Alexis \u2013 Trompete e eletr\u00f4nicos<br \/>\nB\u00e1 Kimbuta \u2013 sax e voz<\/p>\n<p>O duo Radio Diaspora se une ao rapper B\u00e1 Kimbuta para ampliar os horizontes do manifesto contra a discrimina\u00e7\u00e3o e viol\u00eancia praticada ao povo negro.<br \/>\nNa contram\u00e3o do monop\u00f3lio da representa\u00e7\u00e3o branca na m\u00fasica, a Radio Diaspora, na estrada desde 2015, traduz a di\u00e1spora africana por meio do experimentalismo do Free Jazz e da Improvisa\u00e7\u00e3o Livre. Os m\u00fasicos que comp\u00f5em o duo, R\u00f4mulo Alexis (Trompete, Flautas e Voz) e Wagner Ramos (Bateria e Eletr\u00f4nicos), reverberam os signos da negritude por meio de zonas de intensidade sonora, conferindo novos significados \u00e0 experi\u00eancia musical afro-descendente.<br \/>\nB\u00e1 Kimbuta, tamb\u00e9m ativista do movimento negro, realiza desde 1996 um trabalho de resist\u00eancia com jovens do Grande ABC e de S\u00e3o Paulo por meio do hip hop.<\/p>\n<p><iframe style=\"border: 0; width: 100%; height: 42px;\" src=\"https:\/\/bandcamp.com\/EmbeddedPlayer\/album=2399430008\/size=small\/bgcol=ffffff\/linkcol=de270f\/transparent=true\/\" seamless=\"\"><a href=\"http:\/\/selonetlabel.bandcamp.com\/album\/radio-diaspora-ba-kimbuta\">Radio Diaspora &amp; Ba Kimbuta by Radio Diaspora &amp; Ba Kimbuta<\/a><\/iframe><\/p>\n","protected":false},"excerpt":{"rendered":"<p>\u2022 Faixas: 1. Black Angel 2. A Prova de Balas 3. Ao Comando de Ians\u00e3 4. People \u2022 S\u00ea-lo |&#8230;<\/p>\n","protected":false},"featured_media":2532,"template":"","meta":[],"product_brand":[],"product_cat":[527,559],"product_tag":[568,563,561,564,562,513,565],"class_list":{"0":"post-2531","1":"product","2":"type-product","3":"status-publish","4":"has-post-thumbnail","6":"product_cat-cd","7":"product_cat-se-lo","8":"product_tag-ba-kimbuta","9":"product_tag-electroacustica","10":"product_tag-experimental","11":"product_tag-free-jazz","12":"product_tag-rap","13":"product_tag-rock","14":"product_tag-salvador","16":"first","17":"outofstock","18":"shipping-taxable","19":"purchasable","20":"product-type-simple"},"_links":{"self":[{"href":"https:\/\/brava.etc.br\/loja\/wp-json\/wp\/v2\/product\/2531","targetHints":{"allow":["GET"]}}],"collection":[{"href":"https:\/\/brava.etc.br\/loja\/wp-json\/wp\/v2\/product"}],"about":[{"href":"https:\/\/brava.etc.br\/loja\/wp-json\/wp\/v2\/types\/product"}],"wp:featuredmedia":[{"embeddable":true,"href":"https:\/\/brava.etc.br\/loja\/wp-json\/wp\/v2\/media\/2532"}],"wp:attachment":[{"href":"https:\/\/brava.etc.br\/loja\/wp-json\/wp\/v2\/media?parent=2531"}],"wp:term":[{"taxonomy":"product_brand","embeddable":true,"href":"https:\/\/brava.etc.br\/loja\/wp-json\/wp\/v2\/product_brand?post=2531"},{"taxonomy":"product_cat","embeddable":true,"href":"https:\/\/brava.etc.br\/loja\/wp-json\/wp\/v2\/product_cat?post=2531"},{"taxonomy":"product_tag","embeddable":true,"href":"https:\/\/brava.etc.br\/loja\/wp-json\/wp\/v2\/product_tag?post=2531"}],"curies":[{"name":"wp","href":"https:\/\/api.w.org\/{rel}","templated":true}]}}