{"id":2598,"date":"2019-09-20T16:07:53","date_gmt":"2019-09-20T16:07:53","guid":{"rendered":"http:\/\/www.brava.etc.br\/loja\/?post_type=product&#038;p=2598"},"modified":"2021-04-03T13:37:03","modified_gmt":"2021-04-03T13:37:03","slug":"ul-%e2%80%8euuq-cd","status":"publish","type":"product","link":"https:\/\/brava.etc.br\/loja\/produto\/ul-%e2%80%8euuq-cd\/","title":{"rendered":"\u00dcL \u200e&#8221;Uuq&#8221; (CD)"},"content":{"rendered":"<p>\u2022 Faixas:<br \/>\n1. I<br \/>\n2. II<br \/>\n3. III<br \/>\n4. IV<\/p>\n<p>\u2022 Facon Records \u200e (AR) | 2007<\/p>\n<p>\u2022 Formato: CD-R, envelope pl\u00e1stico<\/p>\n<p>*Produto importado<\/p>\n<p><strong>Anla Courtis<\/strong>, <strong>Charly Zaragoza<\/strong>, <strong>Fernando Perales<\/strong> &#8211; composi\u00e7\u00e3o, guitarra<\/p>\n<p><strong>\u00dcL<\/strong> foi formada em 2006 na Argentina com membros do <strong>Reynols<\/strong>, <strong>Minexio VII<\/strong> e <strong>Virgen Vapor<\/strong>. Eles tocaram com o cantor japon\u00eas <strong>Damo Suzuki<\/strong> (ex <strong>Can<\/strong>) em seus primeiros shows argentinos e fizeram extensivas turn\u00eas pela cena underground de Buenos Aires. O grupo explora as possibilidades t\u00edmbricas da guitarra, combinando elementos de ru\u00eddagem, drone, rock, psicodelia, m\u00fasica concreta, m\u00fasica atonal e improvisa\u00e7\u00e3o livre.<\/p>\n","protected":false},"excerpt":{"rendered":"<p>\u2022 Faixas: 1. I 2. II 3. III 4. IV \u2022 Facon Records \u200e (AR) | 2007 \u2022 Formato: CD-R,&#8230;<\/p>\n","protected":false},"featured_media":2599,"template":"","meta":[],"product_brand":[],"product_cat":[610,527,621,620],"product_tag":[619,626,618,561,630,623,629,628,622,627,624,513,625],"class_list":{"0":"post-2598","1":"product","2":"type-product","3":"status-publish","4":"has-post-thumbnail","6":"product_cat-alan-courtis","7":"product_cat-cd","8":"product_cat-facon-recs","9":"product_cat-ul","10":"product_tag-argentina","11":"product_tag-drone","12":"product_tag-eletronico","13":"product_tag-experimental","14":"product_tag-improvisacao","15":"product_tag-industrial","16":"product_tag-musica-atonal","17":"product_tag-musica-concreta","18":"product_tag-noise","19":"product_tag-psicodelia","20":"product_tag-reynols","21":"product_tag-rock","22":"product_tag-ruidagem","24":"first","25":"instock","26":"shipping-taxable","27":"purchasable","28":"product-type-simple"},"_links":{"self":[{"href":"https:\/\/brava.etc.br\/loja\/wp-json\/wp\/v2\/product\/2598","targetHints":{"allow":["GET"]}}],"collection":[{"href":"https:\/\/brava.etc.br\/loja\/wp-json\/wp\/v2\/product"}],"about":[{"href":"https:\/\/brava.etc.br\/loja\/wp-json\/wp\/v2\/types\/product"}],"wp:featuredmedia":[{"embeddable":true,"href":"https:\/\/brava.etc.br\/loja\/wp-json\/wp\/v2\/media\/2599"}],"wp:attachment":[{"href":"https:\/\/brava.etc.br\/loja\/wp-json\/wp\/v2\/media?parent=2598"}],"wp:term":[{"taxonomy":"product_brand","embeddable":true,"href":"https:\/\/brava.etc.br\/loja\/wp-json\/wp\/v2\/product_brand?post=2598"},{"taxonomy":"product_cat","embeddable":true,"href":"https:\/\/brava.etc.br\/loja\/wp-json\/wp\/v2\/product_cat?post=2598"},{"taxonomy":"product_tag","embeddable":true,"href":"https:\/\/brava.etc.br\/loja\/wp-json\/wp\/v2\/product_tag?post=2598"}],"curies":[{"name":"wp","href":"https:\/\/api.w.org\/{rel}","templated":true}]}}