{"id":3422,"date":"2020-12-17T13:36:50","date_gmt":"2020-12-17T13:36:50","guid":{"rendered":"https:\/\/brava.etc.br\/loja\/?post_type=product&#038;p=3422"},"modified":"2024-03-22T20:27:36","modified_gmt":"2024-03-22T20:27:36","slug":"revoada","status":"publish","type":"product","link":"https:\/\/brava.etc.br\/loja\/produto\/revoada\/","title":{"rendered":"Revoada!"},"content":{"rendered":"<p>Wagner Ramos \u2013 Bateria e eletr\u00f4nicos<br \/>\nRomulo Alexis \u2013 Trompete e eletr\u00f4nicos<\/p>\n<p>\u2022 independente | 2020<\/p>\n<p>\u2022 Formato: CD, digipack<\/p>\n<p>Em REVOADA!, oitavo \u00e1lbum de est\u00fadio, o duo segue investindo<br \/>\nna m\u00fasica enquanto arma, campo de for\u00e7a e n\u00facleo pesado de<br \/>\nrepresenta\u00e7\u00f5es e sentidos da luta contra viol\u00eancias f\u00edsicas e<br \/>\nsimb\u00f3licas, que a popula\u00e7\u00e3o negra enfrenta secularmente.<br \/>\nBateria e Trompete, instrumentos seminais da tradi\u00e7\u00e3o negra<br \/>\nna m\u00fasica popular, s\u00e3o as chaves da sonoridade do duo<br \/>\nRadio Diaspora, formado por Wagner Ramos na Bateria e<br \/>\neletr\u00f4nicos e Romulo Alexis no Trompete, flautas, voz e efeitos.<br \/>\nNa fus\u00e3o de samplers com a energia sonora do Free Jazz, Radio<br \/>\nDiaspora desenvolve sua m\u00fasica bebendo dos c\u00f3digos musicais<br \/>\npresentes na rica heran\u00e7a da di\u00e1spora africana.<\/p>\n<p>&nbsp;<\/p>\n<p><iframe style=\"border: 0; width: 100%; height: 42px;\" src=\"https:\/\/bandcamp.com\/EmbeddedPlayer\/album=1458682094\/size=small\/bgcol=ffffff\/linkcol=de270f\/transparent=true\/\" seamless=\"\"><a href=\"https:\/\/radio-diaspora.bandcamp.com\/album\/revoada\">Revoada! by Radio Diaspora<\/a><\/iframe><\/p>\n","protected":false},"excerpt":{"rendered":"<p>Wagner Ramos \u2013 Bateria e eletr\u00f4nicos Romulo Alexis \u2013 Trompete e eletr\u00f4nicos \u2022 independente | 2020 \u2022 Formato: CD, digipack&#8230;<\/p>\n","protected":false},"featured_media":3423,"template":"","meta":[],"product_brand":[],"product_cat":[527],"product_tag":[812,563,561,564],"class_list":{"0":"post-3422","1":"product","2":"type-product","3":"status-publish","4":"has-post-thumbnail","6":"product_cat-cd","7":"product_tag-black-music","8":"product_tag-electroacustica","9":"product_tag-experimental","10":"product_tag-free-jazz","12":"first","13":"outofstock","14":"shipping-taxable","15":"purchasable","16":"product-type-simple"},"_links":{"self":[{"href":"https:\/\/brava.etc.br\/loja\/wp-json\/wp\/v2\/product\/3422","targetHints":{"allow":["GET"]}}],"collection":[{"href":"https:\/\/brava.etc.br\/loja\/wp-json\/wp\/v2\/product"}],"about":[{"href":"https:\/\/brava.etc.br\/loja\/wp-json\/wp\/v2\/types\/product"}],"wp:featuredmedia":[{"embeddable":true,"href":"https:\/\/brava.etc.br\/loja\/wp-json\/wp\/v2\/media\/3423"}],"wp:attachment":[{"href":"https:\/\/brava.etc.br\/loja\/wp-json\/wp\/v2\/media?parent=3422"}],"wp:term":[{"taxonomy":"product_brand","embeddable":true,"href":"https:\/\/brava.etc.br\/loja\/wp-json\/wp\/v2\/product_brand?post=3422"},{"taxonomy":"product_cat","embeddable":true,"href":"https:\/\/brava.etc.br\/loja\/wp-json\/wp\/v2\/product_cat?post=3422"},{"taxonomy":"product_tag","embeddable":true,"href":"https:\/\/brava.etc.br\/loja\/wp-json\/wp\/v2\/product_tag?post=3422"}],"curies":[{"name":"wp","href":"https:\/\/api.w.org\/{rel}","templated":true}]}}