{"id":851,"date":"2020-02-04T08:24:03","date_gmt":"2020-02-04T08:24:03","guid":{"rendered":"http:\/\/www.brava.etc.br\/loja\/?p=851"},"modified":"2020-02-08T00:47:24","modified_gmt":"2020-02-08T00:47:24","slug":"chinese-cookie-poets-%e2%96%a0","status":"publish","type":"product","link":"https:\/\/brava.etc.br\/loja\/produto\/chinese-cookie-poets-%e2%96%a0\/","title":{"rendered":"Chinese Cookie Poets\u00a0&#8220;\u25a0&#8221; (CD)"},"content":{"rendered":"<p>\u2022\u00a0<strong>Faixas:<\/strong><br \/>\n1.<br \/>\n2.<br \/>\n3.<br \/>\n4.<br \/>\n5.<br \/>\n6.<br \/>\n7.<br \/>\n8.<br \/>\n9.<br \/>\n10.<br \/>\n11.<br \/>\n12.<br \/>\n13.<\/p>\n<p>\u2022 Brava Edi\u00e7\u00f5es \/ QTV | 2014<\/p>\n<p>\u2022 Formato: CD, envelope<\/p>\n<p><strong>Marcos Campello<\/strong> \u2013 guitarra<br \/>\n<strong>Felipe Zenicola<\/strong> \u2013 baixo<br \/>\n<strong>Renato Godoy<\/strong> \u2013 bateria<\/p>\n<p>Todas as m\u00fasicas e instrumentos por CCP exceto pela cu\u00edca do Paulinho Bicolor na m\u00fasica 1.<\/p>\n<p>Gravado e editado por CCP nos est\u00fadios Marini, Audio Rebel e Rumori Desenho Sonoro, no Rio de Janeiro, entre junho e setembro de 2014.<br \/>\nMixado por Renato Godoy no est\u00fadio Marini em Setembro de 2014.<br \/>\nArte por DEDO.<\/p>\n<p><iframe style=\"border: 0; width: 100%; height: 42px;\" src=\"https:\/\/bandcamp.com\/EmbeddedPlayer\/album=2090901091\/size=small\/bgcol=ffffff\/linkcol=de270f\/transparent=true\/\" seamless=\"\"><a href=\"http:\/\/brava.bandcamp.com\/album\/-\">\u25a0 by Chinese Cookie Poets<\/a><\/iframe><\/p>\n","protected":false},"excerpt":{"rendered":"<p>\u2022\u00a0Faixas: 1. 2. 3. 4. 5. 6. 7. 8. 9. 10. 11. 12. 13. \u2022 Brava Edi\u00e7\u00f5es \/ QTV |&#8230;<\/p>\n","protected":false},"featured_media":2138,"template":"","meta":[],"product_brand":[],"product_cat":[524,527,532,538],"product_tag":[547,564,548,545,605,514,546,549,513],"class_list":{"0":"post-851","1":"product","2":"type-product","3":"status-publish","4":"has-post-thumbnail","6":"product_cat-brava-edicoes","7":"product_cat-cd","8":"product_cat-chinese-cookie-poets","9":"product_cat-qtv","10":"product_tag-felipe-zenicola","11":"product_tag-free-jazz","12":"product_tag-marcos-campello","13":"product_tag-no-wave","14":"product_tag-noise-rock","15":"product_tag-pos-punk","16":"product_tag-renato-godoy","17":"product_tag-rio-de-janeiro","18":"product_tag-rock","20":"first","21":"instock","22":"shipping-taxable","23":"purchasable","24":"product-type-simple"},"_links":{"self":[{"href":"https:\/\/brava.etc.br\/loja\/wp-json\/wp\/v2\/product\/851","targetHints":{"allow":["GET"]}}],"collection":[{"href":"https:\/\/brava.etc.br\/loja\/wp-json\/wp\/v2\/product"}],"about":[{"href":"https:\/\/brava.etc.br\/loja\/wp-json\/wp\/v2\/types\/product"}],"wp:featuredmedia":[{"embeddable":true,"href":"https:\/\/brava.etc.br\/loja\/wp-json\/wp\/v2\/media\/2138"}],"wp:attachment":[{"href":"https:\/\/brava.etc.br\/loja\/wp-json\/wp\/v2\/media?parent=851"}],"wp:term":[{"taxonomy":"product_brand","embeddable":true,"href":"https:\/\/brava.etc.br\/loja\/wp-json\/wp\/v2\/product_brand?post=851"},{"taxonomy":"product_cat","embeddable":true,"href":"https:\/\/brava.etc.br\/loja\/wp-json\/wp\/v2\/product_cat?post=851"},{"taxonomy":"product_tag","embeddable":true,"href":"https:\/\/brava.etc.br\/loja\/wp-json\/wp\/v2\/product_tag?post=851"}],"curies":[{"name":"wp","href":"https:\/\/api.w.org\/{rel}","templated":true}]}}