{"id":9365,"date":"2021-12-10T11:17:07","date_gmt":"2021-12-10T11:17:07","guid":{"rendered":"https:\/\/brava.etc.br\/loja\/?post_type=product&#038;p=9365"},"modified":"2024-03-25T13:11:51","modified_gmt":"2024-03-25T13:11:51","slug":"bruno-trchmnn-cao-dia-cao-noite","status":"publish","type":"product","link":"https:\/\/brava.etc.br\/loja\/produto\/bruno-trchmnn-cao-dia-cao-noite\/","title":{"rendered":"Bruno Trchmnn &#8216;C\u00e3o Dia, C\u00e3o Noite&#8217;"},"content":{"rendered":"<div dir=\"auto\">\n<p>Composi\u00e7\u00f5es, baixo, guitarra, rabeca, flauta bawu, banjo qinqin, pratos, grava\u00e7\u00f5es de campo, samples por Bruno Trchmnn<br \/>\nGravado e produzido por Bruno Trchmnn entre 2017 e 2021<br \/>\nMasterizado por Igor Souza no Est\u00fadio Mitra \/SP<br \/>\nColagens por Bruno Trchmnn<br \/>\nEdi\u00e7\u00e3o limitada de cassetes lan\u00e7ada por Brava Edi\u00e7\u00f5es e Bruno Trchmnn na Primavera de 2021<\/p>\n<p>&#8211;<\/p>\n<p><strong>C\u00e3o Dia, C\u00e3o Noite<\/strong><br \/>\n(duas guitarras em cima de dois amplificadores, 1 prato de metal em cima de uma guitarra em cima de um amplificador, 3 pratos de bronze em cima de uma mesa de pedra*, rabeca, flauta bawu, 2 segundos de \u201cMusic from Thailand: Field Recordings by Deben Bhattacharya, 1973\u201d, rabeca, 3 segundos de \u201cTerezinha, Oiveria, Aloisio Bento, Petrucio de Lima &#8211; Mestra Terezina (Baianas)\u201d, rabeca, rabeca, rabeca.)<br \/>\n*Em 2017 pude participar de uma resid\u00eancia art\u00edstica na Casa do Sol em Campinas-SP, a casa da poeta Hilda Hilst. A mesa de pedra fica no seu jardim. Os cachorros que aparecem nessas grava\u00e7\u00f5es tamb\u00e9m s\u00e3o da Casa do Sol.<\/p>\n<p><strong>Enxada<\/strong><br \/>\n(beira do rio mogi bairro do mat\u00e3o pirassununga-sp, baixo, guitarra, rabeca, cachorros na casa do sol, cachorros na casa do sol, cachorros na casa do sol, cachorros na casa do sol, flauta bawu, flauta bawu, guitarra, baixo)<\/p>\n<p><strong>Duas Canoas*<\/strong><br \/>\n(banjo qinqin, banjo qinqin)<br \/>\n*faixa b\u00f4nus dispon\u00edvel apenas em cassete \/download do \u00e1lbum completo inclu\u00eddo no cassete<\/p>\n<p>&nbsp;<\/p>\n<\/div>\n<p>&nbsp;<\/p>\n<p>Bruno Trchmnn (Campinas \/SP) &#8211; <a href=\"https:\/\/brava.etc.br\/bruno-trchmnn\" target=\"_blank\" rel=\"noopener\">https:\/\/brava.etc.br\/bruno-trchmnn<\/a><\/p>\n","protected":false},"excerpt":{"rendered":"<p>\u2022 Brava Edi\u00e7\u00f5es | 2021<\/p>\n<p>\u2022 Formato: edi\u00e7\u00e3o especial\u00a0 limitada de cassetes, numeradas, cada uma cont\u00e9m uma colagem exclusiva feita pelo Bruno Trchmnn. acompanha c\u00f3digo para baixar o \u00e1lbum completo em vers\u00e3o digital.<\/p>\n","protected":false},"featured_media":9367,"template":"","meta":[],"product_brand":[],"product_cat":[524,925,531],"product_tag":[909,926,626,561,616,630,646],"class_list":{"0":"post-9365","1":"product","2":"type-product","3":"status-publish","4":"has-post-thumbnail","6":"product_cat-brava-edicoes","7":"product_cat-bruno-trchmnn","8":"product_cat-cassete","9":"product_tag-cassette-tape","10":"product_tag-colagem","11":"product_tag-drone","12":"product_tag-experimental","13":"product_tag-free-folk","14":"product_tag-improvisacao","15":"product_tag-rabeca","17":"first","18":"outofstock","19":"shipping-taxable","20":"purchasable","21":"product-type-simple"},"_links":{"self":[{"href":"https:\/\/brava.etc.br\/loja\/wp-json\/wp\/v2\/product\/9365","targetHints":{"allow":["GET"]}}],"collection":[{"href":"https:\/\/brava.etc.br\/loja\/wp-json\/wp\/v2\/product"}],"about":[{"href":"https:\/\/brava.etc.br\/loja\/wp-json\/wp\/v2\/types\/product"}],"wp:featuredmedia":[{"embeddable":true,"href":"https:\/\/brava.etc.br\/loja\/wp-json\/wp\/v2\/media\/9367"}],"wp:attachment":[{"href":"https:\/\/brava.etc.br\/loja\/wp-json\/wp\/v2\/media?parent=9365"}],"wp:term":[{"taxonomy":"product_brand","embeddable":true,"href":"https:\/\/brava.etc.br\/loja\/wp-json\/wp\/v2\/product_brand?post=9365"},{"taxonomy":"product_cat","embeddable":true,"href":"https:\/\/brava.etc.br\/loja\/wp-json\/wp\/v2\/product_cat?post=9365"},{"taxonomy":"product_tag","embeddable":true,"href":"https:\/\/brava.etc.br\/loja\/wp-json\/wp\/v2\/product_tag?post=9365"}],"curies":[{"name":"wp","href":"https:\/\/api.w.org\/{rel}","templated":true}]}}