{"id":9448,"date":"2022-03-22T15:00:41","date_gmt":"2022-03-22T15:00:41","guid":{"rendered":"https:\/\/brava.etc.br\/loja\/?post_type=product&#038;p=9448"},"modified":"2022-04-12T07:39:48","modified_gmt":"2022-04-12T07:39:48","slug":"god-pussy-analise-do-principio-informativo","status":"publish","type":"product","link":"https:\/\/brava.etc.br\/loja\/produto\/god-pussy-analise-do-principio-informativo\/","title":{"rendered":"God Pussy &#8216;An\u00e1lise do Princ\u00edpio Informativo&#8217;"},"content":{"rendered":"<p>&#8216;An\u00e1lise Do Principio Informativo&#8217; nada mais \u00e9 que uma reflex\u00e3o baseada na busca de conhecimento como forma de luta e resist\u00eancia contra a opress\u00e3o do estado e do capitalismo. Dividido em quatro partes, dentre contextos e assuntos relacionados \u00e0 conduta dos seres humanos em pleno s\u00e9culo XXI, onde estamos vivendo um retrocesso expl\u00edcito junto ao crescimento desenfreado do \u00f3dio e do preconceito, no qual, ainda \u00e9 um dos in\u00fameros problemas que estamos lidando diariamente. (&#8230;)<\/p>\n<p>Material EDUCATIVO | 100% DIY.<\/p>\n<p>V\u00eddeo-Clip oficial: Escassez E Retrocesso Na Educa\u00e7\u00e3o<br \/>\n<a href=\"https:\/\/www.youtube.com\/watch?v=Sfl0oVUNnJs\" target=\"_blank\" rel=\"nofollow noopener ugc\">www.youtube.com\/watch?v=Sfl0oVUNnJs<\/a><\/p>\n","protected":false},"excerpt":{"rendered":"<p>\u2022 independente | 2020<\/p>\n<p>\u2022 Formato:<br \/>\n4xCDr (4 horas de ru\u00eddos)<br \/>\nLivreto informativo (22 p\u00e1ginas)<br \/>\nPatch bordado (produzido em couro-vegano)<br \/>\nEdi\u00e7\u00e3o limitado em 50 c\u00f3pias (numeradas \u00e0 m\u00e3o)<\/p>\n","protected":false},"featured_media":9449,"template":"","meta":[],"product_brand":[],"product_cat":[527,929,930],"product_tag":[],"class_list":{"0":"post-9448","1":"product","2":"type-product","3":"status-publish","4":"has-post-thumbnail","6":"product_cat-cd","7":"product_cat-god-pussy","8":"product_cat-independente","10":"first","11":"outofstock","12":"shipping-taxable","13":"purchasable","14":"product-type-simple"},"_links":{"self":[{"href":"https:\/\/brava.etc.br\/loja\/wp-json\/wp\/v2\/product\/9448","targetHints":{"allow":["GET"]}}],"collection":[{"href":"https:\/\/brava.etc.br\/loja\/wp-json\/wp\/v2\/product"}],"about":[{"href":"https:\/\/brava.etc.br\/loja\/wp-json\/wp\/v2\/types\/product"}],"wp:featuredmedia":[{"embeddable":true,"href":"https:\/\/brava.etc.br\/loja\/wp-json\/wp\/v2\/media\/9449"}],"wp:attachment":[{"href":"https:\/\/brava.etc.br\/loja\/wp-json\/wp\/v2\/media?parent=9448"}],"wp:term":[{"taxonomy":"product_brand","embeddable":true,"href":"https:\/\/brava.etc.br\/loja\/wp-json\/wp\/v2\/product_brand?post=9448"},{"taxonomy":"product_cat","embeddable":true,"href":"https:\/\/brava.etc.br\/loja\/wp-json\/wp\/v2\/product_cat?post=9448"},{"taxonomy":"product_tag","embeddable":true,"href":"https:\/\/brava.etc.br\/loja\/wp-json\/wp\/v2\/product_tag?post=9448"}],"curies":[{"name":"wp","href":"https:\/\/api.w.org\/{rel}","templated":true}]}}