{"id":9564,"date":"2022-07-29T18:43:23","date_gmt":"2022-07-29T18:43:23","guid":{"rendered":"https:\/\/brava.etc.br\/loja\/?post_type=product&#038;p=9564"},"modified":"2022-12-19T23:07:27","modified_gmt":"2022-12-19T23:07:27","slug":"escafandro-poster","status":"publish","type":"product","link":"https:\/\/brava.etc.br\/loja\/produto\/escafandro-poster\/","title":{"rendered":"&#8216;Escafandro&#8217; poster"},"content":{"rendered":"<p>Escafandro \u00e9 uma s\u00e9rie de duos formados pelo guitarrista Luiz Galv\u00e3o e um\/a convidado\/a, em 4 sess\u00f5es de improvisa\u00e7\u00e3o livre gravadas no est\u00fadio 74 Club \/Santo Andr\u00e9 entre 2020 e 2021.<\/p>\n<p>conhe\u00e7a todas as edi\u00e7\u00f5es em:\u00a0<a href=\"http:\/\/brava.etc.br\/escafandro\" target=\"_blank\" rel=\"nofollow noopener ugc\">brava.etc.br\/escafandro<\/a><\/p>\n","protected":false},"excerpt":{"rendered":"<p>Arte e impress\u00e3o por Claudio Caropreso<\/p>\n<p>\u2022 Brava Edi\u00e7\u00f5es | 2022<\/p>\n<p>\u2022 Formato: poster<br \/>\ndimens\u00f5es: mancha 57,00&#215;39,00 cm \/ papel: 63,00 x 46,00 cm<br \/>\ngravura em relevo e est\u00eancil<br \/>\nEdi\u00e7\u00e3o limitada de 10 c\u00f3pias.<\/p>\n","protected":false},"featured_media":9565,"template":"","meta":[],"product_brand":[],"product_cat":[946,939,592,938,942,944,941],"product_tag":[943,945],"class_list":{"0":"post-9564","1":"product","2":"type-product","3":"status-publish","4":"has-post-thumbnail","6":"product_cat-claudio-caropreso","7":"product_cat-flavio-lazzarin","8":"product_cat-impresso","9":"product_cat-luiz-galvao","10":"product_cat-natalia-francischini","11":"product_cat-romulo-alexis","12":"product_cat-thiago-salas","13":"product_tag-escafandro","14":"product_tag-xilogravura","16":"first","17":"instock","18":"shipping-taxable","19":"purchasable","20":"product-type-simple"},"_links":{"self":[{"href":"https:\/\/brava.etc.br\/loja\/wp-json\/wp\/v2\/product\/9564","targetHints":{"allow":["GET"]}}],"collection":[{"href":"https:\/\/brava.etc.br\/loja\/wp-json\/wp\/v2\/product"}],"about":[{"href":"https:\/\/brava.etc.br\/loja\/wp-json\/wp\/v2\/types\/product"}],"wp:featuredmedia":[{"embeddable":true,"href":"https:\/\/brava.etc.br\/loja\/wp-json\/wp\/v2\/media\/9565"}],"wp:attachment":[{"href":"https:\/\/brava.etc.br\/loja\/wp-json\/wp\/v2\/media?parent=9564"}],"wp:term":[{"taxonomy":"product_brand","embeddable":true,"href":"https:\/\/brava.etc.br\/loja\/wp-json\/wp\/v2\/product_brand?post=9564"},{"taxonomy":"product_cat","embeddable":true,"href":"https:\/\/brava.etc.br\/loja\/wp-json\/wp\/v2\/product_cat?post=9564"},{"taxonomy":"product_tag","embeddable":true,"href":"https:\/\/brava.etc.br\/loja\/wp-json\/wp\/v2\/product_tag?post=9564"}],"curies":[{"name":"wp","href":"https:\/\/api.w.org\/{rel}","templated":true}]}}