{"id":9778,"date":"2023-10-02T20:18:11","date_gmt":"2023-10-02T20:18:11","guid":{"rendered":"https:\/\/brava.etc.br\/loja\/?post_type=product&#038;p=9778"},"modified":"2025-04-24T15:48:24","modified_gmt":"2025-04-24T15:48:24","slug":"drawdio","status":"publish","type":"product","link":"https:\/\/brava.etc.br\/loja\/produto\/drawdio\/","title":{"rendered":"Drawdio"},"content":{"rendered":"<p>A palavra &#8216;drawdio&#8217; tem origem na jun\u00e7\u00e3o de &#8216;draw&#8217;+&#8217;audio&#8217;, remetendo \u00e0 ideia de desenhar sons. Trata-se de um circuito baseado em eletr\u00f4nica anal\u00f3gica capaz de gerar frequ\u00eancias sonoras que variam de acordo com a condutividade el\u00e9trica de determinados materiais, podendo ser conectado a diversos tipos de interface, como l\u00e1pis, pinc\u00e9is, massa de modelar ou qualquer outro tipo de material condutivo.<\/p>\n<p>A vers\u00e3o Pandemonium \u00e9 oferecida com um pincel, para utiliza\u00e7\u00e3o com tintas a base de \u00e1gua. O console possui um conector tipo RCA, permitindo a constru\u00e7\u00e3o e conex\u00e3o de outros tipos de interfaces. O instrumento funciona com bateria de 9V e possui, ainda, amplificador e alto-falante internos, al\u00e9m de um conector de sa\u00edda tipo P2 que permite a conex\u00e3o com equipamentos de \u00e1udio externos.<\/p>\n<p>Pode ser usado tamb\u00e9m com um theremim.<\/p>\n<p>Dimens\u00f5es: 7,5 x 7,5 x 3,5 cm<br \/>\nAcompanha 01 bateria<\/p>\n<p>&nbsp;<\/p>\n<p><iframe loading=\"lazy\" title=\"Drawdio Pandemonium - V\u00eddeo demonstrativo\" width=\"500\" height=\"281\" src=\"https:\/\/www.youtube.com\/embed\/p6WQmB_gZ8k?feature=oembed\" frameborder=\"0\" allow=\"accelerometer; autoplay; clipboard-write; encrypted-media; gyroscope; picture-in-picture; web-share\" referrerpolicy=\"strict-origin-when-cross-origin\" allowfullscreen><\/iframe><\/p>\n<p>&nbsp;<\/p>\n<p><iframe loading=\"lazy\" title=\"Theredrawdio???\" width=\"500\" height=\"281\" src=\"https:\/\/www.youtube.com\/embed\/Q-rZxlKFOZM?feature=oembed\" frameborder=\"0\" allow=\"accelerometer; autoplay; clipboard-write; encrypted-media; gyroscope; picture-in-picture; web-share\" referrerpolicy=\"strict-origin-when-cross-origin\" allowfullscreen><\/iframe><\/p>\n<p>&nbsp;<\/p>\n","protected":false},"excerpt":{"rendered":"<ul>\n<li>5% de desconto para pagamentos em PIX (aplicado diretamente no carrinho na op\u00e7\u00e3o desta forma de pagamento)<\/li>\n<\/ul>\n","protected":false},"featured_media":9780,"template":"","meta":[],"product_brand":[],"product_cat":[987,963,966],"product_tag":[973,589,970,971,655,972,965,967,969],"class_list":{"0":"post-9778","1":"product","2":"type-product","3":"status-publish","4":"has-post-thumbnail","6":"product_cat-instrumento","7":"product_cat-marcelo-muniz","8":"product_cat-pandemonium","9":"product_tag-circuito-eletronico","10":"product_tag-diy","11":"product_tag-drawdio","12":"product_tag-eletronica-analogica","13":"product_tag-eletronicos","14":"product_tag-gerador-de-frequencias","15":"product_tag-gerador-de-ruidos","16":"product_tag-marcelo-muniz","17":"product_tag-pandemonium","19":"first","20":"outofstock","21":"shipping-taxable","22":"purchasable","23":"product-type-simple"},"_links":{"self":[{"href":"https:\/\/brava.etc.br\/loja\/wp-json\/wp\/v2\/product\/9778","targetHints":{"allow":["GET"]}}],"collection":[{"href":"https:\/\/brava.etc.br\/loja\/wp-json\/wp\/v2\/product"}],"about":[{"href":"https:\/\/brava.etc.br\/loja\/wp-json\/wp\/v2\/types\/product"}],"wp:featuredmedia":[{"embeddable":true,"href":"https:\/\/brava.etc.br\/loja\/wp-json\/wp\/v2\/media\/9780"}],"wp:attachment":[{"href":"https:\/\/brava.etc.br\/loja\/wp-json\/wp\/v2\/media?parent=9778"}],"wp:term":[{"taxonomy":"product_brand","embeddable":true,"href":"https:\/\/brava.etc.br\/loja\/wp-json\/wp\/v2\/product_brand?post=9778"},{"taxonomy":"product_cat","embeddable":true,"href":"https:\/\/brava.etc.br\/loja\/wp-json\/wp\/v2\/product_cat?post=9778"},{"taxonomy":"product_tag","embeddable":true,"href":"https:\/\/brava.etc.br\/loja\/wp-json\/wp\/v2\/product_tag?post=9778"}],"curies":[{"name":"wp","href":"https:\/\/api.w.org\/{rel}","templated":true}]}}