{"id":9821,"date":"2024-01-04T23:13:21","date_gmt":"2024-01-04T23:13:21","guid":{"rendered":"https:\/\/brava.etc.br\/loja\/?post_type=product&#038;p=9821"},"modified":"2026-03-11T23:54:55","modified_gmt":"2026-03-11T23:54:55","slug":"yuri-bruscky-trava-lingua-no-3","status":"publish","type":"product","link":"https:\/\/brava.etc.br\/loja\/produto\/yuri-bruscky-trava-lingua-no-3\/","title":{"rendered":"Yuri Bruscky \u2018Trava\u200b-\u200bL\u200b\u00ed\u200bngua n\u00ba 3\u2019"},"content":{"rendered":"<div dir=\"auto\">\n<div class=\"tralbumData tralbum-about\">\n<p>Trava-L\u00edngua n\u00ba 3 integra uma s\u00e9rie de poemas visuais e sonoros iniciada em 2016, baseada em jogos populares de linguagem. Estas parlendas caracterizam-se pela dificuldade enunciativa das suas senten\u00e7as, devido \u00e0 sua estrutura\u00e7\u00e3o formal baseada em articula\u00e7\u00f5es frasais aliterativas e assonantes. Tomada em sua concretude nas pr\u00e1ticas cotidianas, a linguagem \u00e9 trabalhada em seus aspectos verbais, sonoros e visuais, de modo a estabelecer procedimentos metaenunciativos dos trava-l\u00ednguas, nos quais as bases sem\u00e2nticas desses exerc\u00edcios vocais perdem preponder\u00e2ncia em favor da manipula\u00e7\u00e3o sonora\/pl\u00e1stica de seus elementos constitutivos \u2014 decompostos e reconfigurados por meio de composi\u00e7\u00f5es tipogr\u00e1ficas, colagens e processamento eletr\u00f4nico (granula\u00e7\u00e3o, distens\u00e3o temporal, espacializa\u00e7\u00e3o etc).<\/p>\n<p>A grava\u00e7\u00e3o desse \u00e1lbum registra a performance realizada no Centro de Arte Sonoro\/CASo (BA \/Argentina), por ocasi\u00e3o da mostra \u2018(Des) hechos del lenguaje \u2013 Desvar\u00edos gr\u00e1ficos, sonoros y performativos\u2019, em 05 de novembro de 2022.<\/p>\n<p>&#8211;<\/p>\n<p>Yuri Bruscky\u00a0\u2013\u00a0 voz, eletr\u00f4nicos<br \/>\nArte da capa e livreto com poemas visuais por Yuri Bruscky<br \/>\nGrava\u00e7\u00e3o por Equipe CASo<br \/>\nMasteriza\u00e7\u00e3o por Igor Souza no Est\u00fadio Mitra \/SP<br \/>\nLan\u00e7amento por Brava Edi\u00e7\u00f5es no Inverno de 2023<\/p>\n<\/div>\n<p>&nbsp;<\/p>\n<\/div>\n<p><iframe style=\"border: 0; width: 100%; height: 42px;\" src=\"https:\/\/bandcamp.com\/EmbeddedPlayer\/album=3861353588\/size=small\/bgcol=ffffff\/linkcol=333333\/transparent=true\/\" seamless=\"\"><a href=\"https:\/\/brava.bandcamp.com\/album\/trava-l-ngua-n-3\">Trava-L\u00edngua n\u00ba 3 by Yuri Bruscky<\/a><\/iframe><\/p>\n","protected":false},"excerpt":{"rendered":"<p>\u2022 Faixas:<\/p>\n<p>01. Trava\u200b-\u200bL\u200b\u00ed\u200bngua n\u00ba 3<\/p>\n<p>&nbsp;<\/p>\n<p>\u2022 Brava Edi\u00e7\u00f5es | 2023<\/p>\n<p>\u2022 Formato: CD, envelope de papel com livreto de poemas visuais<\/p>\n","protected":false},"featured_media":9823,"template":"","meta":[],"product_brand":[],"product_cat":[524,527,986],"product_tag":[626,622,983,984,985,982],"class_list":{"0":"post-9821","1":"product","2":"type-product","3":"status-publish","4":"has-post-thumbnail","6":"product_cat-brava-edicoes","7":"product_cat-cd","8":"product_cat-yuri-bruscky-pe","9":"product_tag-drone","10":"product_tag-noise","11":"product_tag-pernambuco","12":"product_tag-poema-sonoro","13":"product_tag-poema-visual","14":"product_tag-yuri-bruscky","16":"first","17":"instock","18":"shipping-taxable","19":"purchasable","20":"product-type-simple"},"_links":{"self":[{"href":"https:\/\/brava.etc.br\/loja\/wp-json\/wp\/v2\/product\/9821","targetHints":{"allow":["GET"]}}],"collection":[{"href":"https:\/\/brava.etc.br\/loja\/wp-json\/wp\/v2\/product"}],"about":[{"href":"https:\/\/brava.etc.br\/loja\/wp-json\/wp\/v2\/types\/product"}],"wp:featuredmedia":[{"embeddable":true,"href":"https:\/\/brava.etc.br\/loja\/wp-json\/wp\/v2\/media\/9823"}],"wp:attachment":[{"href":"https:\/\/brava.etc.br\/loja\/wp-json\/wp\/v2\/media?parent=9821"}],"wp:term":[{"taxonomy":"product_brand","embeddable":true,"href":"https:\/\/brava.etc.br\/loja\/wp-json\/wp\/v2\/product_brand?post=9821"},{"taxonomy":"product_cat","embeddable":true,"href":"https:\/\/brava.etc.br\/loja\/wp-json\/wp\/v2\/product_cat?post=9821"},{"taxonomy":"product_tag","embeddable":true,"href":"https:\/\/brava.etc.br\/loja\/wp-json\/wp\/v2\/product_tag?post=9821"}],"curies":[{"name":"wp","href":"https:\/\/api.w.org\/{rel}","templated":true}]}}