{"id":9898,"date":"2024-01-31T23:33:18","date_gmt":"2024-01-31T23:33:18","guid":{"rendered":"https:\/\/brava.etc.br\/loja\/?post_type=product&#038;p=9898"},"modified":"2024-07-01T23:17:11","modified_gmt":"2024-07-01T23:17:11","slug":"modulador-de-voz","status":"publish","type":"product","link":"https:\/\/brava.etc.br\/loja\/produto\/modulador-de-voz\/","title":{"rendered":"Modulador de voz"},"content":{"rendered":"<p>O Modulador de voz Pandemonium baseia-se em um circuito integrado dedicado com conversor anal\u00f3gico\/digital de 8 bits, origem de sua sonoridade marcadamente &#8216;retr\u00f4&#8217;.<\/p>\n<p>Possui, al\u00e9m de um microfone interno, uma entrada para instrumentos, podendo assim ser utilizado tamb\u00e9m como um processador de efeitos sonoros para instrumentos musicais ou outros tipos de geradores sonoros.<\/p>\n<p>O equipamento possui os efeitos \u201cvoz de rob\u00f4\u201d e vibrato, al\u00e9m de transposi\u00e7\u00e3o tonal em sete passos (3 up\/ 3 down)<\/p>\n<p>O circuito \u00e9 alimentado por meio de uma bateria de 9V ou fonte de alimenta\u00e7\u00e3o e possui sa\u00edda de \u00e1udio compat\u00edvel com interfaces de \u00e1udio padr\u00e3o.<\/p>\n<p>&nbsp;<\/p>\n<p><strong>Especifica\u00e7\u00f5es t\u00e9cnicas:<\/strong><\/p>\n<p>Efeitos: Voz de Rob\u00f4; vibrato (8Hz); transposi\u00e7\u00e3o de frequ\u00eancias up\/down em sete passos nas raz\u00f5es 4\/3, 8\/5, 2 (up) e 8\/9, 4\/5 e 2\/3 (down);<\/p>\n<p>Entradas: Microfone embutido e P2 para conex\u00f5es externas (selecion\u00e1veis por interruptor frontal);<\/p>\n<p>Sa\u00edda: P10;<\/p>\n<p>Alimenta\u00e7\u00e3o: 9V \u2013 Bateria (inclusa) ou fonte de alimenta\u00e7\u00e3o &#8211; centro negativo (n\u00e3o inclusa);<\/p>\n<p>Consumo: 10mA;<\/p>\n<p>Dimens\u00f5es: 10 x 5 x 3 cm<\/p>\n<p>&nbsp;<\/p>\n<p><iframe loading=\"lazy\" title=\"Modulador de Voz\/ Voz de rob\u00f4 Pandemonium\" width=\"500\" height=\"281\" src=\"https:\/\/www.youtube.com\/embed\/xB8c8QyGqx0?feature=oembed\" frameborder=\"0\" allow=\"accelerometer; autoplay; clipboard-write; encrypted-media; gyroscope; picture-in-picture; web-share\" referrerpolicy=\"strict-origin-when-cross-origin\" allowfullscreen><\/iframe><\/p>\n<p>&nbsp;<\/p>\n<p>&nbsp;<\/p>\n","protected":false},"excerpt":{"rendered":"<ul>\n<li>5% de desconto para pagamentos em PIX (aplicado diretamente no carrinho na op\u00e7\u00e3o desta forma de pagamento)<\/li>\n<\/ul>\n","protected":false},"featured_media":9903,"template":"","meta":[],"product_brand":[],"product_cat":[987,963,966],"product_tag":[1002,973,589,971,655,967,1001,1000,969,1003],"class_list":{"0":"post-9898","1":"product","2":"type-product","3":"status-publish","4":"has-post-thumbnail","6":"product_cat-instrumento","7":"product_cat-marcelo-muniz","8":"product_cat-pandemonium","9":"product_tag-8-bits","10":"product_tag-circuito-eletronico","11":"product_tag-diy","12":"product_tag-eletronica-analogica","13":"product_tag-eletronicos","14":"product_tag-marcelo-muniz","15":"product_tag-microfone","16":"product_tag-modulador-de-voz","17":"product_tag-pandemonium","18":"product_tag-voz-de-robo","20":"first","21":"outofstock","22":"shipping-taxable","23":"purchasable","24":"product-type-simple"},"_links":{"self":[{"href":"https:\/\/brava.etc.br\/loja\/wp-json\/wp\/v2\/product\/9898","targetHints":{"allow":["GET"]}}],"collection":[{"href":"https:\/\/brava.etc.br\/loja\/wp-json\/wp\/v2\/product"}],"about":[{"href":"https:\/\/brava.etc.br\/loja\/wp-json\/wp\/v2\/types\/product"}],"wp:featuredmedia":[{"embeddable":true,"href":"https:\/\/brava.etc.br\/loja\/wp-json\/wp\/v2\/media\/9903"}],"wp:attachment":[{"href":"https:\/\/brava.etc.br\/loja\/wp-json\/wp\/v2\/media?parent=9898"}],"wp:term":[{"taxonomy":"product_brand","embeddable":true,"href":"https:\/\/brava.etc.br\/loja\/wp-json\/wp\/v2\/product_brand?post=9898"},{"taxonomy":"product_cat","embeddable":true,"href":"https:\/\/brava.etc.br\/loja\/wp-json\/wp\/v2\/product_cat?post=9898"},{"taxonomy":"product_tag","embeddable":true,"href":"https:\/\/brava.etc.br\/loja\/wp-json\/wp\/v2\/product_tag?post=9898"}],"curies":[{"name":"wp","href":"https:\/\/api.w.org\/{rel}","templated":true}]}}